
False
Is 2090545 a multiple of 663?
False
Is 184 a factor of 97778?
False
Is 4508 a multiple of 4?
True
Is 7 a factor of 362012?
True
Does 166 divide 110888?
True
Is 13 a factor of 21515?
True
Is 151152 a multiple of 47?
True
Does 15 divide 43170?
True
Is 121512 a multiple of 83?
True
Is 89 a factor of 225677?
False
Does 102 divide 2229006?
True
Is 10 a factor of 95946?
False
Does 26 divide 579670?
True
Is 2902108 a multiple of 22?
True
Does 214 divide 98226?
True
Is 71 a factor of 156058?
True
Is 57 a factor of 613320?
True
Is 11 a factor of 145343?
True
Is 4719847 a multiple of 1594?
False
Is 8 a factor of 2163446?
False
Does 4 divide 78735?
False
Is 19415552 a multiple of 174?
False
Does 661 divide 107082?
True
Does 34 divide 988936?
False
Is 351821 a multiple of 17?
False
Is 7324332 a multiple of 12?
True
Is 12 a factor of 275437?
False
Is 22 a factor of 2765422?
True
Is 24 a factor of 1139133?
False
Is 394448 a multiple of 356?
True
Is 80 a factor of 110560?
True
Is 1289 a factor of 7926846?
False
Does 27 divide 497421?
True
Does 44 divide 13743?
False
Is 303 a factor of 5210958?
False
Is 6 a factor of 1673456?
False
Is 5 a factor of 29857?
False
Is 4855631 a multiple of 11?
True
Does 26 divide 21138?
True
Is 182 a factor of 11456440?
False
Does 78 divide 972069?
False
Is 2397 a multiple of 75?
False
Is 232 a factor of 22908840?
True
Does 61 divide 16285207?
False
Is 222 a factor of 836274?
True
Is 13 a factor of 9331336?
False
Is 1876644 a multiple of 154?
True
Does 32 divide 10073?
False
Does 2 divide 23463?
False
Is 173 a factor of 122945?
False
Does 37 divide 68505?
False
Is 1860279 a multiple of 93?
True
Is 134 a factor of 380828?
True
Is 5 a factor of 94140?
True
Is 101 a factor of 307040?
True
Is 682 a factor of 6985755?
False
Is 2051814 a multiple of 271?
False
Is 38 a factor of 184303?
False
Does 134 divide 1096254?
True
Is 16 a factor of 730640?
True
Is 141 a factor of 199656?
True
Does 440 divide 83600?
True
Is 3 a factor of 3332366?
False
Is 17 a factor of 176426?
True
Is 98 a factor of 141022?
True
Does 81 divide 22249?
False
Is 53 a factor of 5820142?
True
Is 3950287 a multiple of 301?
False
Is 1099023 a multiple of 416?
False
Does 6 divide 4541538?
True
Is 117918 a multiple of 18?
True
Does 444 divide 434676?
True
Is 224 a factor of 1781024?
True
Is 135532 a multiple of 11?
False
Is 11 a factor of 1437277?
False
Does 998 divide 297404?
True
Is 24 a factor of 280908?
False
Is 474354 a multiple of 38?
True
Is 231 a factor of 998326?
False
Does 43 divide 2854856?
True
Does 1210 divide 1003090?
True
Is 706 a factor of 850696?
False
Is 3726030 a multiple of 462?
True
Is 156 a factor of 7691?
False
Is 16 a factor of 9463?
False
Is 52 a factor of 5863988?
True
Does 300 divide 2981530?
False
Is 22 a factor of 262600?
False
Is 1112705 a multiple of 34?
False
Does 360 divide 621000?
True
Does 40 divide 881520?
True
Is 15571 a multiple of 18?
False
Is 10 a factor of 1860?
True
Is 4525917 a multiple of 502?
False
Is 7 a factor of 10248?
True
Is 696824 a multiple of 55?
False
Does 110 divide 459391?
False
Is 1097284 a multiple of 94?
False
Is 4175415 a multiple of 135?
True
Is 851184 a multiple of 8?
True
Is 59 a factor of 1095040?
True
Is 19 a factor of 1315914?
False
Does 10 divide 14469?
False
Is 460110 a multiple of 21?
True
Is 7415961 a multiple of 357?
True
Does 247 divide 141778?
True
Is 89156 a multiple of 62?
True
Is 111 a factor of 357642?
True
Does 15 divide 1243065?
True
Does 18 divide 66044?
False
Is 1623432 a multiple of 51?
True
Does 32 divide 5178398?
False
Is 5921274 a multiple of 93?
False
Is 24 a factor of 4501152?
True
Does 131 divide 433012?
False
Does 636 divide 4731116?
False
Does 274 divide 6581754?
True
Does 984 divide 6650685?
False
Is 659275 a multiple of 354?
False
Is 24 a factor of 18835392?
True
Is 172 a factor of 9073860?
True
Is 1024668 a multiple of 12?
True
Does 17 divide 2068597?
False
Does 136 divide 35496?
True
Is 1335764 a multiple of 33?
False
Is 4 a factor of 732468?
True
Is 4016280 a multiple of 30?
True
Does 13 divide 171327?
True
Is 3327597 a multiple of 7?
True
Does 704 divide 2203520?
True
Is 4263686 a multiple of 278?
True
Is 32 a factor of 305954?
False
Does 69 divide 1275639?
False
Is 4 a factor of 22172?
True
Is 177760 a multiple of 44?
True
Is 14 a factor of 844690?
True
Is 609 a factor of 401940?
True
Is 193 a factor of 22630098?
False
Does 286 divide 283998?
True
Is 13160 a multiple of 35?
True
Does 91 divide 35975?
False
Does 328 divide 866248?
True
Does 42 divide 2060562?
True
Does 1466 divide 2946335?
False
Is 583654 a multiple of 169?
False
Is 273215 a multiple of 493?
False
Is 8 a factor of 50216?
True
Is 344 a factor of 5365773?
False
Is 1026696 a multiple of 8?
True
Is 182 a factor of 64246?
True
Does 19 divide 425144?
True
Is 9 a factor of 82979?
False
Is 603 a factor of 256712?
False
Is 1009883 a multiple of 399?
False
Does 270 divide 111510?
True
Is 65 a factor of 39045?
False
Is 6 a factor of 3253170?
True
Is 8 a factor of 9767?
False
Is 3 a factor of 13976?
False
Does 313 divide 570912?
True
Is 112992 a multiple of 341?
False
Does 556 divide 513744?
True
Does 57 divide 12540?
True
Is 7 a factor of 2398937?
False
Does 22 divide 29283738?
True
Does 12 divide 62887?
False
Is 150 a factor of 151537?
False
Is 246294 a multiple of 27?
True
Is 400909 a multiple of 41?
False
Does 1609 divide 6472341?
False
Is 275463 a multiple of 30?
False
Does 2 divide 1527914?
True
Is 900579 a multiple of 49?
False
Is 3 a factor of 397362?
True
Is 228690 a multiple of 33?
True
Is 142352 a multiple of 40?
False
Does 3 divide 1123299?
True
Is 6 a factor of 22326?
True
Does 86 divide 3225594?
False
Does 73 divide 1039447?
True
Is 180 a factor of 1589094?
False
Is 9258034 a multiple of 12?
False
Does 147 divide 95256?
True
Is 93279 a multiple of 31?
True
Is 103100 a multiple of 20?
True
Is 3699047 a multiple of 11?
True
Is 14 a factor of 230770?
False
Is 1424115 a multiple of 105?
True
Does 175 divide 61600?
True
Is 131 a factor of 66135?
False
Is 1428496 a multiple of 45?
False
Is 10 a factor of 146000?
True
Is 208052 a multiple of 26?
True
Is 5583872 a multiple of 14?
True
Is 93852 a multiple of 11?
True
Does 29 divide 2985357?
False
Does 3 divide 39019?
False
Is 111 a factor of 176981?
False
Is 248414 a multiple of 58?
True
Is 315 a factor of 2093134?
False
Is 31 a factor of 93498?
False
Is 5 a factor of 194975?
True
Is 511 a factor of 3684821?
True
Is 1078380 a multiple of 15?
True
Does 824 divide 2961456?
True
Does 374 divide 11073937?
False
Is 1644020 a multiple of 10?
True
Does 5 divide 98998?
False
Is 189280 a multiple of 140?
True
Is 4850996 a multiple of 113?
False
Is 1046 a factor of 10004990?
True
Is 238 a factor of 95247?
False
Is 535 a multiple of 2?
False
Is 7 a factor of 3092195?
False
Is 14 a factor of 184758?
True
Does 307 divide 499489?
True
Is 82705 a multiple of 469?
False
Does 18 divide 908106?
False
Is 7815 a multiple of 59?
False
Is 27541 a multiple of 55?
False
Is 9 a factor of 119979?
True
Is 536952 a multiple of 78?
True
Is 12 a factor of 2268?
True
Is 235642 a multiple of 3?
False
Is 4236274 a multiple of 25?
False
Is 220 a factor of 2322485?
False
Does 211 divide 4881324?
False
Does 34 divide 93408?
False
Does 224 divide 7616?
True
Does 11 divide 20912?
False
Does 25 divide 2274634?
False
Is 277 a factor of 611062?
True
Does 461 divide 95161?
False
Is 13 a factor of 52494?
True
Is 89 a factor of 1091051?
True
Does 8 divide 44712?
True
Is 349508 a multiple of 29?
True
Is 514623 a multiple of 348?
False
Does 13 divide 7792568?
False
Is 42 a factor of 861336?
True
Does 242 divide 100188?
True
Is 935088 a multiple of 161?
True
Is 736 a factor of 809927?
False
Is 116 a factor of 176396?
False
Is 256 a factor of 57600?
True
Is 470 a factor of 9627950?
True
Is 75787 a multiple of 42?
False
Is 3 a factor of 86400?
True
Is 6 a factor of 100680?
True
Is 31 a factor of 945717?
True
Is 44 a factor of 107529?
False
Does 428 divide 1430862?
False
Is 505450 a multiple of 55?
True
Is 78216 a multiple of 8?
True
Does 270 divide 180900?
True
Does 12 divide 40925?
False
Is 113 a factor of 8473467?
False
Is 245 a factor of 483274?
False
Does 760 divide 174560?
False
Is 89 a factor of 4